{"id":22,"date":"2011-03-11T19:34:40","date_gmt":"2011-03-11T19:34:40","guid":{"rendered":"http:\/\/andrealehnart.de\/?page_id=22"},"modified":"2025-12-20T08:36:29","modified_gmt":"2025-12-20T08:36:29","slug":"anmeldung","status":"publish","type":"page","link":"http:\/\/www.andrealehnart.de\/?page_id=22","title":{"rendered":"Anmeldung"},"content":{"rendered":"<h3>Anmeldung<\/h3>\n<h4>Teilnehmerinnen:Maximal 18 Frauen beim Singen.<\/h4>\n<h4>Kosten:<\/h4>\n<p>80,- \u20ac<br \/>\nDer Preis ist f\u00fcr alle Seminare gleich, beinhaltet Material, Essen und Getr\u00e4nke.<\/p>\n<h4>Da eine gro\u00dfe Nachfrage besteht, m\u00f6glichst umgehend per Mail anmelden.<\/h4>\n<p>Andrea Lehnart<br \/>\nVolksbank Trier<br \/>\nIBAN DE74 5866 0101 0005 5288 83<br \/>\nBIC GENODED 1 BIT<\/p>\n<h4>Anmeldung und R\u00fccktrittsbedingungen<\/h4>\n<p>Anmeldung per Mail an andrea.lehnart@t-online.de<\/p>\n<p>R\u00fccktrittsbedingungen:<\/p>\n<p>Anmeldefrist sp\u00e4testens <strong>zwei Wochen<\/strong> vor Seminarbeginn.<br \/>\nErfolgt der R\u00fccktritt <strong>vor<\/strong> Ablauf der Anmeldefrist, wird die geleistete Seminargeb\u00fchr zu 80% zur\u00fcckerstattet.<br \/>\nErfolgt der R\u00fccktritt <strong>nach<\/strong> Ablauf der Anmeldefrist kann die geleistete Seminargeb\u00fchr nur zur\u00fcckerstattet werden, wenn eine Ersatzteilnehmerin gefunden wird.<br \/>\nErfolgt der R\u00fccktritt <strong>sp\u00e4ter als 24 Stunden vor<\/strong> Seminarbeginn kann keine Zur\u00fcckerstattung geleistet werden.<\/p>\n<p>Wir bitten um Verst\u00e4ndniss.<\/p>\n","protected":false},"excerpt":{"rendered":"<p>Anmeldung Teilnehmerinnen:Maximal 18 Frauen beim Singen. Kosten: 80,- \u20ac Der Preis ist f\u00fcr alle Seminare gleich, beinhaltet Material, Essen und Getr\u00e4nke. Da eine gro\u00dfe Nachfrage besteht, m\u00f6glichst umgehend per Mail anmelden. Andrea Lehnart Volksbank Trier IBAN DE74 5866 0101 0005 5288 83 BIC GENODED 1 BIT Anmeldung und R\u00fccktrittsbedingungen Anmeldung per Mail an andrea.lehnart@t-online.de R\u00fccktrittsbedingungen: [&hellip;]<\/p>\n","protected":false},"author":1,"featured_media":0,"parent":0,"menu_order":6,"comment_status":"open","ping_status":"open","template":"","meta":[],"_links":{"self":[{"href":"http:\/\/www.andrealehnart.de\/index.php?rest_route=\/wp\/v2\/pages\/22"}],"collection":[{"href":"http:\/\/www.andrealehnart.de\/index.php?rest_route=\/wp\/v2\/pages"}],"about":[{"href":"http:\/\/www.andrealehnart.de\/index.php?rest_route=\/wp\/v2\/types\/page"}],"author":[{"embeddable":true,"href":"http:\/\/www.andrealehnart.de\/index.php?rest_route=\/wp\/v2\/users\/1"}],"replies":[{"embeddable":true,"href":"http:\/\/www.andrealehnart.de\/index.php?rest_route=%2Fwp%2Fv2%2Fcomments&post=22"}],"version-history":[{"count":39,"href":"http:\/\/www.andrealehnart.de\/index.php?rest_route=\/wp\/v2\/pages\/22\/revisions"}],"predecessor-version":[{"id":416,"href":"http:\/\/www.andrealehnart.de\/index.php?rest_route=\/wp\/v2\/pages\/22\/revisions\/416"}],"wp:attachment":[{"href":"http:\/\/www.andrealehnart.de\/index.php?rest_route=%2Fwp%2Fv2%2Fmedia&parent=22"}],"curies":[{"name":"wp","href":"https:\/\/api.w.org\/{rel}","templated":true}]}}