{"id":25,"date":"2011-03-11T19:35:11","date_gmt":"2011-03-11T19:35:11","guid":{"rendered":"http:\/\/andrealehnart.de\/?page_id=25"},"modified":"2019-12-15T11:58:26","modified_gmt":"2019-12-15T11:58:26","slug":"wegbeschreibung","status":"publish","type":"page","link":"http:\/\/www.andrealehnart.de\/?page_id=25","title":{"rendered":"Anfahrt"},"content":{"rendered":"<h3>Wegbeschreibung<\/h3>\n<p>im Navigationssystem <strong>Kosterm\u00fchle<\/strong> eingeben !!!<\/p>\n<p>&nbsp;<\/p>\n<p>&nbsp;<\/p>\n<h4>Aus Luxemburg kommend:<\/h4>\n<p>&nbsp;<\/p>\n<p>Die Autobahn Richtung Trier, zweite Abfahrt Richtung K\u00f6ln \/ Aachen \/ Bitburg.<\/p>\n<p>Siehe dann Beschreibung weiter unten.<\/p>\n<p>Wer ein Navi hat bitte &#8220;Kosterm\u00fchle&#8221; eingeben !<\/p>\n<p>&nbsp;<\/p>\n<h4>Aus Trier kommend:<\/h4>\n<p>&nbsp;<\/p>\n<p>Richtung K\u00f6ln \u00fcber die B51. Abfahrt Welschbillig.<\/p>\n<p>&nbsp;<\/p>\n<p>&nbsp;<\/p>\n<h4>Aus K\u00f6ln kommend:<\/h4>\n<p>&nbsp;<\/p>\n<p>Richtung Trier \u00fcber B51. Abfahrt Helenenberg \/ Welschbillig.<\/p>\n<p>&nbsp;<\/p>\n<p>&nbsp;<\/p>\n<p style=\"text-align: justify;\">Im Ort , an der gro\u00dfen Kirche rechts runter ins Tal, Richtung Schweich \/ Ehrang.<\/p>\n<p style=\"text-align: justify;\">In Serpentinen ins Tal, der Dritte und auch letzte Hof auf der rechten Seite ist die Kosterm\u00fchle. Parkplatz ist vor dem Haus. Sind Sie im Wald und dann in Kordel angekommen, sind Sie zu weit gefahren.<\/p>\n<h4 style=\"text-align: justify;\">Anreise mit Bus und Bahn:<\/h4>\n<p>&nbsp;<\/p>\n<p style=\"text-align: justify;\">Ab Hauptbahnhof Trier mit dem Bus nach Welschbillig oder mit dem Zug nach Kordel.<\/p>\n<p style=\"text-align: justify;\">Taxi Welschbillig (Thieltges Reisen): 06506 \/ 571<\/p>\n<p>&nbsp;<\/p>\n","protected":false},"excerpt":{"rendered":"<p>Wegbeschreibung im Navigationssystem Kosterm\u00fchle eingeben !!! &nbsp; &nbsp; Aus Luxemburg kommend: &nbsp; Die Autobahn Richtung Trier, zweite Abfahrt Richtung K\u00f6ln \/ Aachen \/ Bitburg. Siehe dann Beschreibung weiter unten. Wer ein Navi hat bitte &#8220;Kosterm\u00fchle&#8221; eingeben ! &nbsp; Aus Trier kommend: &nbsp; Richtung K\u00f6ln \u00fcber die B51. Abfahrt Welschbillig. &nbsp; &nbsp; Aus K\u00f6ln kommend: &nbsp; [&hellip;]<\/p>\n","protected":false},"author":1,"featured_media":0,"parent":0,"menu_order":8,"comment_status":"open","ping_status":"open","template":"","meta":[],"_links":{"self":[{"href":"http:\/\/www.andrealehnart.de\/index.php?rest_route=\/wp\/v2\/pages\/25"}],"collection":[{"href":"http:\/\/www.andrealehnart.de\/index.php?rest_route=\/wp\/v2\/pages"}],"about":[{"href":"http:\/\/www.andrealehnart.de\/index.php?rest_route=\/wp\/v2\/types\/page"}],"author":[{"embeddable":true,"href":"http:\/\/www.andrealehnart.de\/index.php?rest_route=\/wp\/v2\/users\/1"}],"replies":[{"embeddable":true,"href":"http:\/\/www.andrealehnart.de\/index.php?rest_route=%2Fwp%2Fv2%2Fcomments&post=25"}],"version-history":[{"count":15,"href":"http:\/\/www.andrealehnart.de\/index.php?rest_route=\/wp\/v2\/pages\/25\/revisions"}],"predecessor-version":[{"id":328,"href":"http:\/\/www.andrealehnart.de\/index.php?rest_route=\/wp\/v2\/pages\/25\/revisions\/328"}],"wp:attachment":[{"href":"http:\/\/www.andrealehnart.de\/index.php?rest_route=%2Fwp%2Fv2%2Fmedia&parent=25"}],"curies":[{"name":"wp","href":"https:\/\/api.w.org\/{rel}","templated":true}]}}